{"id":66,"date":"2024-09-08T19:54:25","date_gmt":"2024-09-08T19:54:25","guid":{"rendered":"https:\/\/fine-line.ch\/about\/"},"modified":"2024-11-18T20:35:09","modified_gmt":"2024-11-18T20:35:09","slug":"about","status":"publish","type":"page","link":"https:\/\/fine-line.ch\/de\/about\/","title":{"rendered":"About"},"content":{"rendered":"<div data-elementor-type=\"wp-page\" data-elementor-id=\"66\" class=\"elementor elementor-66\" data-elementor-post-type=\"page\">\n\t\t\t\t<div class=\"elementor-element elementor-element-57e32d0 e-flex e-con-boxed e-con e-parent\" data-id=\"57e32d0\" data-element_type=\"container\">\n\t\t\t\t\t<div class=\"e-con-inner\">\n\t\t<div class=\"elementor-element elementor-element-dcd2633 e-con-full e-flex e-con e-child\" data-id=\"dcd2633\" data-element_type=\"container\" data-settings=\"{&quot;background_background&quot;:&quot;classic&quot;}\">\n\t\t\t\t<div class=\"elementor-element elementor-element-70cae19 .textfield elementor-widget elementor-widget-text-editor\" data-id=\"70cae19\" data-element_type=\"widget\" data-widget_type=\"text-editor.default\">\n\t\t\t\t<div class=\"elementor-widget-container\">\n\t\t\t\t\t\t\t\t\t<h5><strong>Entdecken Sie die Welt von \u201eFineline\u201c\u00a0<\/strong><\/h5><p>FineLine steht f\u00fcr zierlichen, eleganten Schmuck, der dezente Akzente setzt und die nat\u00fcrliche Sch\u00f6nheit der Tr\u00e4gerin unterstreicht. Unsere Kreationen zeichnen sich durch filigrane Designs aus \u2013 fernab von gro\u00dfen, auff\u00e4lligen Schmuckst\u00fccken. Stattdessen legen wir Wert auf feine Details, die subtil und doch stilvoll wirken.<\/p><p>Mit wenigen Ausnahmen arbeiten wir ausschlie\u00dflich mit nat\u00fcrlichen Materialien wie Gold, Silber und erlesenen Edelsteinen. Die Rohmaterialien \u2013 von Steinperlen bis hin zu Ketten, Verschl\u00fcssen und ausgew\u00e4hlten Anh\u00e4ngern \u2013 beziehen wir sorgf\u00e4ltig von ausgew\u00e4hlten Lieferanten. Jedes Schmuckst\u00fcck, sei es eine Armkette, Halskette oder ein anderes Accessoire, wird von der Markeninhaberin pers\u00f6nlich von Hand in der Schweiz gefertigt.<\/p><p>FineLine steht f\u00fcr h\u00f6chste Handwerkskunst, nat\u00fcrliche Materialien und zeitlose Eleganz \u2013 f\u00fcr Menschen, die auf der Suche nach feinem Schmuck sind, der mit Liebe und Pr\u00e4zision hergestellt wird.<\/p>\t\t\t\t\t\t\t\t<\/div>\n\t\t\t\t<\/div>\n\t\t\t\t<\/div>\n\t\t\t\t<div class=\"elementor-element elementor-element-acf647b elementor-hidden-mobile elementor-widget elementor-widget-spacer\" data-id=\"acf647b\" data-element_type=\"widget\" data-widget_type=\"spacer.default\">\n\t\t\t\t<div class=\"elementor-widget-container\">\n\t\t\t\t\t\t\t<div class=\"elementor-spacer\">\n\t\t\t<div class=\"elementor-spacer-inner\"><\/div>\n\t\t<\/div>\n\t\t\t\t\t\t<\/div>\n\t\t\t\t<\/div>\n\t\t\t\t\t<\/div>\n\t\t\t\t<\/div>\n\t\t<div class=\"elementor-element elementor-element-6e80ea7 e-flex e-con-boxed e-con e-parent\" data-id=\"6e80ea7\" data-element_type=\"container\">\n\t\t\t\t\t<div class=\"e-con-inner\">\n\t\t<div class=\"elementor-element elementor-element-18c3975 e-con-full e-flex e-con e-child\" data-id=\"18c3975\" data-element_type=\"container\" data-settings=\"{&quot;background_background&quot;:&quot;classic&quot;}\">\n\t\t\t\t<\/div>\n\t\t\t\t<div class=\"elementor-element elementor-element-013187a elementor-widget elementor-widget-spacer\" data-id=\"013187a\" data-element_type=\"widget\" data-widget_type=\"spacer.default\">\n\t\t\t\t<div class=\"elementor-widget-container\">\n\t\t\t\t\t\t\t<div class=\"elementor-spacer\">\n\t\t\t<div class=\"elementor-spacer-inner\"><\/div>\n\t\t<\/div>\n\t\t\t\t\t\t<\/div>\n\t\t\t\t<\/div>\n\t\t<div class=\"elementor-element elementor-element-899c49f e-con-full e-flex e-con e-child\" data-id=\"899c49f\" data-element_type=\"container\" data-settings=\"{&quot;background_background&quot;:&quot;classic&quot;}\">\n\t\t\t\t<div class=\"elementor-element elementor-element-ff69b6a elementor-widget elementor-widget-text-editor\" data-id=\"ff69b6a\" data-element_type=\"widget\" data-widget_type=\"text-editor.default\">\n\t\t\t\t<div class=\"elementor-widget-container\">\n\t\t\t\t\t\t\t\t\t<h5><strong>Die Person hinter der \"Marke\"\u00a0<\/strong><\/h5><p>Ich hatte schon immer ein gro\u00dfes Flair f\u00fcr Kreativit\u00e4t. Als mich meine berufliche Laufbahn jedoch zunehmend von kreativen T\u00e4tigkeiten wegf\u00fchrte, suchte ich in meiner Freizeit nach einer M\u00f6glichkeit, mich wieder kreativ auszuleben. So bin ich zur Schmuckherstellung gekommen.<\/p><p>Was als pers\u00f6nliches Hobby begann, entwickelte sich schnell zu einer Leidenschaft, die sich in immer neuen Schmuckst\u00fccken ausdr\u00fcckte. Als sich meine Kreationen zuhause anh\u00e4uften, wagte ich den Schritt und begann, sie auf kleinen M\u00e4rkten zu verkaufen. Das L\u00e4cheln auf den Gesichtern meiner Kundinnen und Kunden, wenn sie ein Schmuckst\u00fcck fanden, das sie begeisterte, war f\u00fcr mich mindestens so sch\u00f6n wie das kreative Arbeiten selbst \u2013 und hat mich dazu inspiriert, FineLine ins Leben zu rufen.<\/p>\t\t\t\t\t\t\t\t<\/div>\n\t\t\t\t<\/div>\n\t\t\t\t<div class=\"elementor-element elementor-element-7f09ca8 elementor-widget-mobile__width-inherit e-transform elementor-widget elementor-widget-text-editor\" data-id=\"7f09ca8\" data-element_type=\"widget\" data-settings=\"{&quot;_transform_translateX_effect&quot;:{&quot;unit&quot;:&quot;px&quot;,&quot;size&quot;:0,&quot;sizes&quot;:[]},&quot;_transform_translateY_effect&quot;:{&quot;unit&quot;:&quot;px&quot;,&quot;size&quot;:25,&quot;sizes&quot;:[]},&quot;_transform_translateY_effect_mobile&quot;:{&quot;unit&quot;:&quot;px&quot;,&quot;size&quot;:-2,&quot;sizes&quot;:[]},&quot;_transform_translateX_effect_tablet&quot;:{&quot;unit&quot;:&quot;px&quot;,&quot;size&quot;:&quot;&quot;,&quot;sizes&quot;:[]},&quot;_transform_translateX_effect_mobile&quot;:{&quot;unit&quot;:&quot;px&quot;,&quot;size&quot;:&quot;&quot;,&quot;sizes&quot;:[]},&quot;_transform_translateY_effect_tablet&quot;:{&quot;unit&quot;:&quot;px&quot;,&quot;size&quot;:&quot;&quot;,&quot;sizes&quot;:[]}}\" data-widget_type=\"text-editor.default\">\n\t\t\t\t<div class=\"elementor-widget-container\">\n\t\t\t\t\t\t\t\t\t<p>Tanja<\/p>\t\t\t\t\t\t\t\t<\/div>\n\t\t\t\t<\/div>\n\t\t\t\t<\/div>\n\t\t\t\t\t<\/div>\n\t\t\t\t<\/div>\n\t\t\t\t<\/div>","protected":false},"excerpt":{"rendered":"<p>Discover the world of \u201cFineline\u201d\u00a0 FineLine stands for delicate, elegant jewelry that sets subtle accents and emphasizes the wearer&#8217;s natural beauty. Our creations are characterized by delicate designs &#8211; far removed from large, eye-catching pieces of jewelry. Instead, we value fine details that are subtle yet stylish. With a few exceptions, we work exclusively with [&hellip;]<\/p>","protected":false},"author":1,"featured_media":0,"parent":0,"menu_order":0,"comment_status":"closed","ping_status":"closed","template":"elementor_header_footer","meta":{"_themeisle_gutenberg_block_has_review":false,"footnotes":""},"class_list":["post-66","page","type-page","status-publish","hentry"],"_links":{"self":[{"href":"https:\/\/fine-line.ch\/de\/wp-json\/wp\/v2\/pages\/66","targetHints":{"allow":["GET"]}}],"collection":[{"href":"https:\/\/fine-line.ch\/de\/wp-json\/wp\/v2\/pages"}],"about":[{"href":"https:\/\/fine-line.ch\/de\/wp-json\/wp\/v2\/types\/page"}],"author":[{"embeddable":true,"href":"https:\/\/fine-line.ch\/de\/wp-json\/wp\/v2\/users\/1"}],"replies":[{"embeddable":true,"href":"https:\/\/fine-line.ch\/de\/wp-json\/wp\/v2\/comments?post=66"}],"version-history":[{"count":313,"href":"https:\/\/fine-line.ch\/de\/wp-json\/wp\/v2\/pages\/66\/revisions"}],"predecessor-version":[{"id":2269,"href":"https:\/\/fine-line.ch\/de\/wp-json\/wp\/v2\/pages\/66\/revisions\/2269"}],"wp:attachment":[{"href":"https:\/\/fine-line.ch\/de\/wp-json\/wp\/v2\/media?parent=66"}],"curies":[{"name":"wp","href":"https:\/\/api.w.org\/{rel}","templated":true}]}}

<div data-elementor-type="wp-page" data-elementor-id="66" class="elementor elementor-66" data-elementor-post-type="page">
				<div class="elementor-element elementor-element-57e32d0 e-flex e-con-boxed e-con e-parent" data-id="57e32d0" data-element_type="container">
					<div class="e-con-inner">
		<div class="elementor-element elementor-element-dcd2633 e-con-full e-flex e-con e-child" data-id="dcd2633" data-element_type="container" data-settings="{&quot;background_background&quot;:&quot;classic&quot;}">
				<div class="elementor-element elementor-element-70cae19 .textfield elementor-widget elementor-widget-text-editor" data-id="70cae19" data-element_type="widget" data-widget_type="text-editor.default">
				<div class="elementor-widget-container">
									<h5><strong>Entdecken Sie die Welt von „Fineline“ </strong></h5><p>FineLine steht für zierlichen, eleganten Schmuck, der dezente Akzente setzt und die natürliche Schönheit der Trägerin unterstreicht. Unsere Kreationen zeichnen sich durch filigrane Designs aus – fernab von großen, auffälligen Schmuckstücken. Stattdessen legen wir Wert auf feine Details, die subtil und doch stilvoll wirken.</p><p>Mit wenigen Ausnahmen arbeiten wir ausschließlich mit natürlichen Materialien wie Gold, Silber und erlesenen Edelsteinen. Die Rohmaterialien – von Steinperlen bis hin zu Ketten, Verschlüssen und ausgewählten Anhängern – beziehen wir sorgfältig von ausgewählten Lieferanten. Jedes Schmuckstück, sei es eine Armkette, Halskette oder ein anderes Accessoire, wird von der Markeninhaberin persönlich von Hand in der Schweiz gefertigt.</p><p>FineLine steht für höchste Handwerkskunst, natürliche Materialien und zeitlose Eleganz – für Menschen, die auf der Suche nach feinem Schmuck sind, der mit Liebe und Präzision hergestellt wird.</p>								</div>
				</div>
				</div>
				<div class="elementor-element elementor-element-acf647b elementor-hidden-mobile elementor-widget elementor-widget-spacer" data-id="acf647b" data-element_type="widget" data-widget_type="spacer.default">
				<div class="elementor-widget-container">
							<div class="elementor-spacer">
			<div class="elementor-spacer-inner"></div>
		</div>
						</div>
				</div>
					</div>
				</div>
		<div class="elementor-element elementor-element-6e80ea7 e-flex e-con-boxed e-con e-parent" data-id="6e80ea7" data-element_type="container">
					<div class="e-con-inner">
		<div class="elementor-element elementor-element-18c3975 e-con-full e-flex e-con e-child" data-id="18c3975" data-element_type="container" data-settings="{&quot;background_background&quot;:&quot;classic&quot;}">
				</div>
				<div class="elementor-element elementor-element-013187a elementor-widget elementor-widget-spacer" data-id="013187a" data-element_type="widget" data-widget_type="spacer.default">
				<div class="elementor-widget-container">
							<div class="elementor-spacer">
			<div class="elementor-spacer-inner"></div>
		</div>
						</div>
				</div>
		<div class="elementor-element elementor-element-899c49f e-con-full e-flex e-con e-child" data-id="899c49f" data-element_type="container" data-settings="{&quot;background_background&quot;:&quot;classic&quot;}">
				<div class="elementor-element elementor-element-ff69b6a elementor-widget elementor-widget-text-editor" data-id="ff69b6a" data-element_type="widget" data-widget_type="text-editor.default">
				<div class="elementor-widget-container">
									<h5><strong>Die Person hinter der "Marke" </strong></h5><p>Ich hatte schon immer ein großes Flair für Kreativität. Als mich meine berufliche Laufbahn jedoch zunehmend von kreativen Tätigkeiten wegführte, suchte ich in meiner Freizeit nach einer Möglichkeit, mich wieder kreativ auszuleben. So bin ich zur Schmuckherstellung gekommen.</p><p>Was als persönliches Hobby begann, entwickelte sich schnell zu einer Leidenschaft, die sich in immer neuen Schmuckstücken ausdrückte. Als sich meine Kreationen zuhause anhäuften, wagte ich den Schritt und begann, sie auf kleinen Märkten zu verkaufen. Das Lächeln auf den Gesichtern meiner Kundinnen und Kunden, wenn sie ein Schmuckstück fanden, das sie begeisterte, war für mich mindestens so schön wie das kreative Arbeiten selbst – und hat mich dazu inspiriert, FineLine ins Leben zu rufen.</p>								</div>
				</div>
				<div class="elementor-element elementor-element-7f09ca8 elementor-widget-mobile__width-inherit e-transform elementor-widget elementor-widget-text-editor" data-id="7f09ca8" data-element_type="widget" data-settings="{&quot;_transform_translateX_effect&quot;:{&quot;unit&quot;:&quot;px&quot;,&quot;size&quot;:0,&quot;sizes&quot;:[]},&quot;_transform_translateY_effect&quot;:{&quot;unit&quot;:&quot;px&quot;,&quot;size&quot;:25,&quot;sizes&quot;:[]},&quot;_transform_translateY_effect_mobile&quot;:{&quot;unit&quot;:&quot;px&quot;,&quot;size&quot;:-2,&quot;sizes&quot;:[]},&quot;_transform_translateX_effect_tablet&quot;:{&quot;unit&quot;:&quot;px&quot;,&quot;size&quot;:&quot;&quot;,&quot;sizes&quot;:[]},&quot;_transform_translateX_effect_mobile&quot;:{&quot;unit&quot;:&quot;px&quot;,&quot;size&quot;:&quot;&quot;,&quot;sizes&quot;:[]},&quot;_transform_translateY_effect_tablet&quot;:{&quot;unit&quot;:&quot;px&quot;,&quot;size&quot;:&quot;&quot;,&quot;sizes&quot;:[]}}" data-widget_type="text-editor.default">
				<div class="elementor-widget-container">
									<p>Tanja</p>								</div>
				</div>
				</div>
					</div>
				</div>
				</div>
